. Is k a composite number?
False
Let z(u) = 2*u**2 - 6*u - 19. Suppose -24 = h + 2*h. Is z(h) a composite number?
False
Let a be -1 + 4 - (2 + 0). Is -62*2*a/(-4) a prime number?
True
Let o(q) = -11*q + 3 - 3*q - 4. Let r be (-10)/2*(-4)/(-5). Is o(r) a composite number?
True
Is ((-143)/(-33))/((-2)/(-12)) prime?
False
Suppose 5*h - 1 - 4 = 0, 2*y + 1098 = -2*h. Is (y/(-15))/(4/6) a prime number?
False
Is (-4)/14 + 203931/147 a composite number?
True
Suppose 2*w + 5*w = 1141. Is w a prime number?
True
Let c(f) = 1 + 0 - 2 - 2*f + 0 + 18*f**2. Suppose -5*b + 0*b + 15 = 0. Is c(b) a composite number?
True
Let h(n) = 112*n + 11. Is h(6) a prime number?
True
Let f(b) = -b**2 - b - 1. Let q(p) = p**3 + 16*p**2 - 17*p + 2. Let t(h) = 3*f(h) + q(h). Is t(-14) a composite number?
False
Suppose 3*m + 8 = 5*k - 4, -20 = -3*k + 5*m. Let a = k + 2. Is a a prime number?
True
Let r(a) = a - 2. Let q be r(0). Let i be q/5 - 4/(-10). Suppose i*m = -3*m + 39. Is m a prime number?
True
Let a be 4 - (-1 - (1 + -1)). Let q(w) = -a - w + 2*w + 12*w. Is q(4) prime?
True
Let x(f) = -770*f - 1. Is x(-3) composite?
False
Let y = 10 - 7. Suppose 20 = 4*b, -y*b = -a - 5*b + 61. Is a a prime number?
False
Let m(q) = q**2 - q + 4. Let f be m(0). Suppose 4*o = 2*b + 2*o - 74, -2*b - f*o + 62 = 0. Is b a prime number?
False
Let p = 68 + -14. Let g = 85 - p. Suppose g = 4*k - 21. Is k a composite number?
False
Let y = -1971 + 3754. Is y prime?
True
Let z(b) = 2*b**2 - b - 3. Let o be 18/10*(-10)/(-3). Let q be z(o). Suppose -i = c - q, 5*c - 3*i - 339 = -2*i. Is c composite?
False
Let j = 216 + -89. Is j prime?
True
Let u = 2188 + -411. Is u prime?
True
Suppose i = 2*i - 6. Suppose -f = -i*f + 55. Is f a prime number?
True
Let f(j) = -j**3 - 3*j**2 - j + 3. Suppose 5*l - 11 - 14 = 0. Let d be f(l). Let g = -87 - d. Is g a prime number?
False
Is (-2)/4*-158*1 a composite number?
False
Is ((-2375)/(-10) - -3)*2 composite?
True
Suppose b - 3*b + 1438 = 0. Is b prime?
True
Let k be ((-2)/4)/((-2)/8). Let l(f) = 43*f - 1. Is l(k) a prime number?
False
Let t(a) = 1 + 44*a + 190*a**3 - 44*a. Is t(1) composite?
False
Suppose -4*u = -h + 313, h + 4*u = 119 + 154. Is h a composite number?
False
Suppose o = 6*o + 155. Let u = -34 + -18. Let j = o - u. Is j prime?
False
Let n(w) = 44*w - 1. Suppose -3*u + 2*u + 1 = 0. Is n(u) composite?
False
Suppose -6*w = -2*w - 12. Suppose 0 = 2*s - q - 425, -q - 561 = -w*s + 75. Is s composite?
False
Suppose 4*l + 2*p = -p + 10078, -2513 = -l - 4*p. Is l a prime number?
True
Let w be (8 - 3)*(-128)/5. Let g = w - -287. Is g a composite number?
True
Let r(c) = 2*c**2 + 2*c - 1. Let y be r(1). Suppose -8*b + y*b = -1055. Is b prime?
True
Is 3/24 - (-4284)/32 prime?
False
Suppose 4*h - 73 = -13. Suppose -28 = -i + h. Is i prime?
True
Let s = 2808 + -1739. Is s a composite number?
False
Let j(x) = 49*x + 2. Let b be j(-2). Suppose -2*g = -3*g + 2*s - 4, 5*s + 53 = -2*g. Is (-4)/g - b/7 prime?
False
Suppose -2*v = -22 - 70. Is v prime?
False
Suppose 37 = 4*q - r, -q + 2*q - 19 = -3*r. Let a = q + 28. Is a prime?
False
Is (-471)/(-2) - 1/2 a prime number?
False
Let j(n) = 3*n**2 - 2*n + 1. Let b(i) = -i**2 + 5*i + 1. Let t be b(5). Let k be j(t). Suppose 81 + 73 = k*m. Is m a prime number?
False
Let s(g) = 9 + g**3 + 10*g + 7*g**2 - 6 - 4*g. Let l be s(-6). Suppose -4*d - 16 = 0, 0*d = -5*x + l*d + 77. Is x composite?
False
Let a be 8/6*9/6. Suppose -3*p + a*p + 50 = 0. Let v = p + -27. Is v composite?
False
Let m(q) = 2*q**2 + q - 2. Let g be m(-2). Suppose -g*k + 3*k + 3*l = -124, -2*l = -4*k + 506. Is k a prime number?
True
Suppose 0 = 3*k - 7*k. Suppose k*t = -3*t + 114. Suppose 3*w - t = w. Is w a composite number?
False
Suppose -4*x - 177 = -7*x. Is x prime?
True
Let x be -1*(-5 + (-3 - -3)). Suppose 134 = 2*d - 4*j, -x*j + 216 - 37 = 2*d. Is d composite?
True
Suppose -2*w - 2*w = -748. Suppose 57 = -5*v + w. Is v a prime number?
False
Let b(a) = 191*a. Is b(1) a prime number?
True
Let j(d) = d**2 - 7*d + 2. Let u be j(6). Is (-355)/u - 5/(-20) a prime number?
True
Let l(i) = 41*i**2 + 7*i + 7. Is l(-4) a composite number?
True
Suppose 5 + 0 = -5*t. Is 16 - t*(-3)/(-1) prime?
True
Let g(a) = 54*a**3 + 2*a**2 + 1. Let v be g(-2). Let l = 1936 - 1302. Let w = l + v. Is w composite?
False
Is ((-21)/(-6))/((-1)/(-254)) prime?
False
Suppose -5*y = w - 552, -5*w + 2788 = -6*y + 3*y. Is w prime?
True
Is -1 - (-2)/6 - (-24510)/18 prime?
True
Suppose -8*s + 2*s = -2634. Is s composite?
False
Let a(u) = u**3 + 9*u**2 - 10*u + 1. Is a(-9) a prime number?
False
Let v(a) = 14*a**2 - a - 2. Is v(4) composite?
True
Is 7/2*100/35 a prime number?
False
Let x be -48*((-64)/(-12))/(-4). Let q = 1 + -6. Is x/10 + 2/q a composite number?
True
Let h = -2 - -10. Let d(g) = g**3 - 7*g**2 - 6*g + 7. Is d(h) composite?
False
Let d(c) = 2*c**3 - 3*c**2 + 2*c - 2. Let x be d(2). Let n be x + -1*(2 + 0). Is -2*((-6)/n + -2) prime?
True
Suppose -4*h - 16 = -0*h. Let f(i) be the first derivative of i**3 + i**2/2 - i - 2. Is f(h) prime?
True
Let d = -41 - -23. Let q be 5/((-15)/d)*2. Let x = q + 13. Is x a prime number?
False
Let g be 4 + 832 + -2 + 2. Suppose -h + 428 = 2*q + 2*h, g = 4*q - 4*h. Is q a composite number?
False
Let g = 2984 - 1897. Is g a prime number?
True
Suppose 3*j - 116 = 5*d, -3*j + 7*d + 115 = 3*d. Is j prime?
True
Suppose -4*l + 3*p + 1 = 0, l + 21 = 2*p + 3*p. Suppose 0 = h - 0*x - l*x - 63, -5*x = h - 72. Is h prime?
True
Is ((-379)/(-3))/(6/18) a composite number?
False
Let o = 43 - 69. Let p = 41 + o. Is p a composite number?
True
Is (1342 - -1)/((-3)/(12/(-4))) a prime number?
False
Suppose 0 = 6*g - 2535 - 4203. Is g prime?
True
Suppose -3*y = -0*y - 7359. Is y a prime number?
False
Let a(s) = 4*s - 1. Let l be a(4). Suppose -2*k = -4*g - 6*k + 24, -3*g + 2 = -k. Suppose 2*y = 5*h - 11, 3*y - 4*h - l = -g*y. Is y a composite number?
False
Let r = 1570 - -651. Is r composite?
False
Let i be (20 + -10)/((-2)/(-494)). Is ((-3)/6)/((-5)/i) a prime number?
False
Let r(t) = 6*t**2 + 1. Let l(x) = -x - 1. Let z be l(-5). Let j(g) = -g**2 + 5*g - 3. Let i be j(z). Is r(i) a prime number?
True
Suppose 0*c + c = 211. Is c prime?
True
Let h(x) = -x**3 - 4*x**2 + 6*x + 2. Is h(-6) composite?
True
Suppose 5*c - 2226 = -2*z, 0 = -5*c + 4*z + 1835 + 403. Is c prime?
False
Let x = 12 - 7. Suppose -3*m + 4*m = x*d - 241, -4*m - 229 = -5*d. Is d composite?
True
Let z be (-4)/2 - 946/(-2). Is (0 - -1)/(3/z) composite?
False
Let y be 264/42 + (-2)/7. Suppose -7*o + y = -5*o. Is o a prime number?
True
Is (-3)/12 + (-1290)/(-8) a composite number?
True
Suppose -5*o + 3*f = -485, -f = o - 5*f - 97. Is o a prime number?
True
Let a = -181 + 315. Is a a prime number?
False
Let u(l) = l**2 - 3*l + 3. Let a be u(3). Let q be (-2 - 4/(-1)) + 0. Suppose -a*c = q*b - 2 - 20, -4*b = -2*c - 60. Is b a composite number?
True
Suppose -x + 197 = 3*b - 8*b, -2*b + 3*x - 71 = 0. Let z = 75 + b. Is z a composite number?
True
Suppose 5*r - v + 3*v = -21, -2*r + 3*v + 3 = 0. Let f(z) = 36*z**2 + z - 4. Is f(r) prime?
True
Let b be 1080/2 + -4 + 5. Suppose -794 + 261 = 3*k + z, -b = 3*k + 5*z. Let v = k - -296. Is v a prime number?
False
Let n(i) = 31*i - 6. Is n(7) a composite number?
False
Let c be 568/(-12) - (-8)/(-12). Is c/12 - (-291)/1 a prime number?
False
Suppose l + 5*n - 274 = 0, -862 = -3*l - 0*n - 5*n. Let y = -133 + l. Is y composite?
True
Suppose 2*k - 3*d = -5*d + 1062, -2*k + 1054 = -2*d. Is k a prime number?
False
Let g = 17 - 14. Suppose 12 = 4*q, -n - q = -g*n + 1675. Is n a prime number?
True
Let r = 5 - 2. Suppose -5*w = 5*o - 2 - r, -5*o = -w - 5. Is 38 + (o - -2)/3 a prime number?
False
Suppose -3*m + 15786 = 3*w, -2*w = 5*m - 0*m - 26307. Is m composite?
False
Suppose -2*a - 73 = -3*p, 4*p + 5*a = 2*p + 36. Suppose 2*n + 31 = r + 3*n, 0 = r + 3*n - p. Is r prime?
False
Let z(m) = -m**2 - 8*m - 5. Let v be z(-7). Let w(d) = 17*d + d**v - 2*d**2 - 3*d + 2. Is w(11) composite?
True
Suppose i - 815 - 18 = 0. Suppose g = -3*v + 424, -2*g - v + i = -0*v. Is g a prime number?
False
Is ((-1)/3)/((-1360)/1356 - -1) prime?
True
Suppose 0 = 5*y - 1400 + 85. Suppose 0 = z - 0*z - 2*d - y, 0 = -4*z - 5*d + 1013. Is z a composite number?
False
Let v = 158 + -15. Is v prime?
Fa